9 a prime number?
False
Is 5025071 a composite number?
False
Is 47195699 a composite number?
False
Is 71763917 composite?
False
Is 36145219 a composite number?
True
Is 68057329 prime?
True
Is 11604869 composite?
True
Is 3997459 composite?
True
Is 2374157 a composite number?
False
Is 406892791 a composite number?
False
Is 92278579 a prime number?
True
Is 14571002 prime?
False
Is 528507787 composite?
True
Is 51638567 prime?
True
Is 14242201 a prime number?
False
Is 1039211 prime?
False
Is 2495903 prime?
False
Is 14285069 a prime number?
False
Is 637895 a composite number?
True
Is 6051917 a composite number?
False
Is 5696423 prime?
True
Is 49016635 a composite number?
True
Is 13204619 prime?
True
Is 70114439 a composite number?
False
Is 29498107 a composite number?
True
Is 20017091 prime?
True
Is 267771002 a prime number?
False
Is 4332701 prime?
False
Is 6184763 composite?
True
Is 16831079 a prime number?
True
Is 166666783 composite?
False
Is 1290329 a composite number?
False
Is 4557977 a prime number?
True
Is 1085291 a prime number?
False
Is 1223153 a prime number?
False
Is 777943 a composite number?
True
Is 2114951 prime?
True
Is 5098189 a composite number?
False
Is 11089058 composite?
True
Is 544543 a composite number?
False
Is 894737321 a composite number?
False
Is 3091163 a prime number?
False
Is 5637097 composite?
True
Is 135176189 a composite number?
True
Is 1807691 prime?
True
Is 3562627 a composite number?
False
Is 3064597 composite?
True
Is 1160567 a prime number?
True
Is 2370343 a prime number?
True
Is 12205363 a composite number?
True
Is 5929471 composite?
True
Is 20090689 prime?
True
Is 5200379 composite?
False
Is 6634541 prime?
False
Is 7683017 composite?
False
Is 31761803 composite?
False
Is 2854869 a prime number?
False
Is 19222949 composite?
True
Is 16292921 composite?
False
Is 658723 prime?
False
Is 98283539 composite?
True
Is 65053187 a composite number?
True
Is 13903949 a composite number?
False
Is 127658237 a prime number?
False
Is 62440121 prime?
True
Is 27746347 a prime number?
True
Is 2849807 a composite number?
False
Is 569997277 a composite number?
False
Is 336760397 prime?
False
Is 19862461 prime?
True
Is 76292941 a prime number?
True
Is 1521479 prime?
True
Is 181952041 composite?
False
Is 2450351 a prime number?
False
Is 2832605 a composite number?
True
Is 196259709 a composite number?
True
Is 37280899 prime?
False
Is 10572311 a composite number?
False
Is 337417721 a composite number?
False
Is 52299607 a prime number?
True
Is 1489291 prime?
True
Is 2852963 a prime number?
True
Is 10050589 composite?
True
Is 2493467065 composite?
True
Is 4203793 a prime number?
False
Is 3804259 a prime number?
True
Is 699319 a prime number?
True
Is 10502777 composite?
True
Is 714562 prime?
False
Is 17755511 prime?
False
Is 234792451 a composite number?
False
Is 29642026 a composite number?
True
Is 67509841 composite?
True
Is 150713749 a composite number?
False
Is 2641313 a prime number?
True
Is 8774033 composite?
False
Is 636187 composite?
True
Is 7765553 prime?
True
Is 55234597 prime?
False
Is 3352529 prime?
False
Is 12898931 prime?
True
Is 20363023 a prime number?
True
Is 42954081 a prime number?
False
Is 623665187 a prime number?
False
Is 12931287 a prime number?
False
Is 2901671 composite?
True
Is 1572701 a composite number?
True
Is 849083 a prime number?
True
Is 1068284357 prime?
False
Is 44025823 a composite number?
False
Is 22884473 composite?
True
Is 1568503 a composite number?
False
Is 4029199 a composite number?
False
Is 4112663 composite?
True
Is 50065913 a composite number?
True
Is 5010877 prime?
True
Is 138401467 prime?
True
Is 27180254 a prime number?
False
Is 31895203 prime?
True
Is 9777863 composite?
True
Is 23264701 a composite number?
False
Is 58357609 a prime number?
True
Is 1522978 a composite number?
True
Is 59758289 prime?
False
Is 4286327 prime?
False
Is 33803507 prime?
True
Is 555138461 a composite number?
False
Is 396271289 prime?
False
Is 50110591 a prime number?
False
Is 72248749 a prime number?
True
Is 16319585 a composite number?
True
Is 1407853 a composite number?
True
Is 56775737 prime?
True
Is 6267719 a prime number?
True
Is 122621729 prime?
True
Is 14403497 a composite number?
True
Is 459619469 a prime number?
True
Is 30550433 a composite number?
False
Is 9659371 composite?
False
Is 116340899 a prime number?
True
Is 40791029 prime?
False
Is 7257509 a prime number?
False
Is 7430237 prime?
True
Is 207825407 a prime number?
False
Is 2746123 composite?
False
Is 104140877 a prime number?
False
Is 8798287 a composite number?
False
Is 753461 a composite number?
False
Is 154581373 composite?
False
Is 434657 composite?
True
Is 813492851 prime?
False
Is 93714191 a composite number?
False
Is 6566491 a prime number?
False
Is 385424651 composite?
False
Is 1048427 composite?
True
Is 66331301 prime?
True
Is 23719 a composite number?
False
Is 3190067 a prime number?
False
Is 110325739 composite?
True
Is 466163007 a composite number?
True
Is 1089299 a prime number?
True
Is 733861 a composite number?
True
Is 21029893 composite?
True
Is 403887811 prime?
False
Is 2845043 a composite number?
False
Is 367423 a prime number?
False
Is 2961113 a prime number?
True
Is 2871091 a composite number?
False
Is 71817071 prime?
True
Is 42744271 prime?
True
Is 29167651 a prime number?
True
Is 77132033 prime?
False
Is 91469929 prime?
False
Is 233997 a prime number?
False
Is 835127 prime?
False
Is 68350341 prime?
False
Is 8052755 a prime number?
False
Is 131856843 a prime number?
False
Is 20593 a composite number?
False
Is 30038243 composite?
False
Is 448044083 composite?
False
Is 60407 a composite number?
True
Is 690407507 a composite number?
False
Is 106842623 composite?
True
Is 1868981 composite?
True
Is 17811923 a composite number?
True
Is 680486327 prime?
True
Is 14620703 composite?
False
Is 87769619 composite?
True
Is 4314403 a composite number?
False
Is 769559 prime?
False
Is 378928291 a composite number?
True
Is 43230403 a prime number?
False
Is 147967979 prime?
False
Is 3767653 a composite number?
True
Is 1699853 a prime number?
True
Is 606007 a composite number?
True
Is 33828149 prime?
True
Is 27396397 a composite number?
True
Is 12976597 prime?
False
Is 1508383 a prime number?
True
Is 107385461 composite?
False
Is 16938457 a composite number?
True
Is 447793847 composite?
False
Is 1476494 composite?
True
Is 31241051 a composite number?
False
Is 1017793 composite?
True
Is 2973695 prime?
False
Is 1782589 a composite number?
False
Is 22215071 a composite number?
True
Is 4174237 prime?
True
Is 3437599 a prime number?
False
Is 4136537 a composite number?
False
Is 1542139 prime?
False
Is 6703261 composite?
False
Is 138150979 prime?
True
Is 2218433 a composite number?
True
Is 13065223 a prime number?
False
Is 47074 a composite number?
True
Is 1180879 composite?
True
Is 357649 prime?
True
Is 622091 prime?
True
Is 5545105 a prime number?
False
Is 2906906 composite?
True
Is 375921503 prime?
True
Is 2093353 composite?
True
Is 876780307 prime?
False
Is 81503057 prime?
True
Is 1414801 composite?
False
Is 272534326 a composite number?
True
Is 1687937 a prime number?
True
Is 11987839 a prime number?
False
Is 57231593 prime?
False
Is 72709667 a composite number?
True
Is 4061297 a prime number?
False
Is 123832759 a prime number?
False
Is 537207857 a prime number?
True
Is 3901787 a composite number?
False
Is 844105777 a composite number?
True
Is 24778349 a prime number?
True
Is 67644523 composite?
False
Is 182618 a composite number?
True
Is 5866417 composite?
False
Is 14818451 a composite number?
False
Is 6332971 composite?
False
Is 131348251 a composite number?
False
Is 39677483 composite?
False
Is 11351 a composite number?
False
Is 857581963 prime?
False
Is 52682447 a composite number?
False
Is 12355283 a prime number?
True
Is 1165481 a composite number?
True
Is 1073711 a prime number?
True
Is 2310083 a composite number?
False
Is 995613817 a composite number?
True
Is 24908293 a prime number?
False
Is 56795773 a prime number?
False
Is 10651237 composite?
True
Is 8743199 prime?
False
Is 46720579 prime?
True
Is 77939 prime?
False
Is 3992405 a prime number?
False
Is 13669583 prime?
True
Is 4754894 prime?
False
Is 2398051 a composite number?
Fals